 9. What are the prime factors of u(7)?
37
Let c(s) = -s**3 + 8*s**2 + 3*s - 6. Suppose 12 = 4*w - 4*q, 3*q - 39 = 2*w - 5*w. List the prime factors of c(w).
2, 3
Suppose 3*a + 1 - 10 = 0. Suppose 0*l = 3*l + a. Let g = 3 + l. List the prime factors of g.
2
Suppose -2*v - a + 2 = 2*a, -22 = -4*v + 3*a. Suppose -4*l - 4 = 4*d, v*l - 5 = -l. List the prime factors of (-1 + 40)*d/(-6).
13
Suppose -3*p - z = -118, 0*z - 2*z = 5*p - 197. Let i = -19 - -22. Suppose 15 - p = -i*v. List the prime factors of v.
2
Let n(t) = t**3 - 4*t**2 + 6*t - 6. List the prime factors of n(5).
7
Let v be (-30)/9*(-6)/5. Suppose -3*k + 123 = v*q - 4*k, -3*q = -3*k - 81. Suppose 5*c - 8 = q. List the prime factors of c.
2
Suppose 0 = 4*w - 2*w - 8. Suppose w*a + 7 = 19. Suppose -5*g + 52 = -a. List the prime factors of g.
11
Suppose -352 = -7*y + 3*y. Let d = -41 + y. Suppose 0 = 2*m - 5*s - d, 2*s = -4*m + s + 39. What are the prime factors of m?
11
Suppose -3110 = -11*f + 410. List the prime factors of f.
2, 5
Let m(x) = x**3 + 11*x**2 - 2*x - 10. Let t be 10*1/(-2) + 3. Let y = -13 - t. What are the prime factors of m(y)?
2, 3
Let h(j) = -j**2 + 8*j - 1. Let s be h(10). Let k = 34 + s. List the prime factors of k.
13
Suppose -3*c - 4 = -4*b - b, -5*b = 5. Let s(j) = 2*j**2 - 4*j + 1. Let y be s(c). Let r = y - 15. What are the prime factors of r?
2
Let h be 6/4*-1*-2. Suppose h*m = 5*d + 5, 0*d - 55 = -3*m - 5*d. List the prime factors of m.
2, 5
Let j(o) = 33*o + 18. List the prime factors of j(5).
3, 61
Let b(f) be the first derivative of -f**3/3 + 5*f**2 - 4*f + 4. List the prime factors of b(8).
2, 3
Let o(t) = -40*t + 10. What are the prime factors of o(-3)?
2, 5, 13
Let o = -15 + 3. Suppose p - 12 = 3*p. List the prime factors of (o/(-10))/(p/(-20)).
2
Let b be (-598)/(-22) - 4/22. Let l = b - 18. List the prime factors of l.
3
Let q(k) = -2*k**3 + 19*k**2 - 9*k + 21. List the prime factors of q(9).
3, 7
Let f be (12/(-15))/(1/5). Let w be (0 + 1)/(5/45). Let h = w + f. What are the prime factors of h?
5
Let h(v) = 54*v**2 - 3*v + 4. List the prime factors of h(1).
5, 11
Let x = 4 + -11. Let g(w) = -w**2 - 6*w + 3. Let h be g(x). Let p = h - -6. List the prime factors of p.
2
Let a = 129 - -63. What are the prime factors of a?
2, 3
Suppose -c + 4*c + 9 = 0. Let w be (3/9)/(c/(-18)). List the prime factors of (w - 1) + 3*2.
7
Let c = -7 + 7. Suppose c = 5*l + 4*y - 113 - 12, -4*y = -l + 25. What are the prime factors of l?
5
Let c = 7 - 7. Suppose -3*q - 16 = -2*f, f - 34 = -c*q - 5*q. List the prime factors of f.
2, 7
Let w(z) = 63*z**2 + 5*z + 2. What are the prime factors of w(-2)?
2, 61
Let k = -5 + 8. Suppose 5 = -2*i - k*i. List the prime factors of (i - -2 - 2)*-4.
2
Suppose -2*z - 216 = -2*m + 114, 2*m - 344 = -5*z. List the prime factors of m.
167
Let v(u) = u**3 - 7*u**2 + 4*u + 6. List the prime factors of v(7).
2, 17
Suppose 0 = -0*y + 4*y. Suppose -2*g - 122 = -4*q - 4*g, -3*q - g + 92 = y. What are the prime factors of q?
31
Let x = 20 + 4. List the prime factors of x.
2, 3
Suppose 20*x = 22*x - 160. What are the prime factors of x?
2, 5
Let m(j) = -6*j**2 - 9*j - 3. Let v(z) = 7*z**2 + 9*z + 3. Let l(s) = -5*m(s) - 4*v(s). What are the prime factors of l(-6)?
3, 7
Let p = -11 - -5. Let n = p + 9. Suppose n*h = 2*o - 26, -4*o + 10 = -2*o + h. What are the prime factors of o?
7
Let q(t) = t - 4. Let o(n) = 4*n - 11. Let d(p) = 4*o(p) - 11*q(p). Let j be d(8). Suppose -2*k - 3*k + j = 0. List the prime factors of k.
2
Let r be -2 - -4 - -52 - 3. Let t = r + -27. What are the prime factors of t?
2, 3
Let z be 0 + 1/((-2)/(-4)). Let y = -42 + 47. Suppose 4*g - y*g + 12 = z*s, 0 = -s - 4*g + 13. List the prime factors of s.
5
Let l(b) = -b - 6. Let t be l(-8). What are the prime factors of (-10)/t*(-18)/10?
3
Let o(m) = m - 9. Let k be o(10). Suppose k = c - 2. List the prime factors of c.
3
Let u be (6/(-2))/(6/(-8)). List the prime factors of 12 + 12/u + -1.
2, 7
Let t = -60 + 136. What are the prime factors of t?
2, 19
Let j(i) = 2*i - 1. Let f be j(1). Suppose 4*l + 0*l = 8. What are the prime factors of 11*f + (-4)/l?
3
Let d(u) = -u - 6. Let m be d(-9). Suppose -3 = -6*c + m*c. What are the prime factors of -2 - (c + -1*11)?
2
Suppose -6 = 5*j + 4. List the prime factors of (14/10)/(j/(-10)).
7
Let x(k) = -2*k - 7 + 20 + k. What are the prime factors of x(9)?
2
Suppose t - 5*t - 4*q + 136 = 0, 0 = -2*q - 2. List the prime factors of t.
5, 7
Let u(m) = -m + 10. Let n be u(9). Let p = n - -5. List the prime factors of p.
2, 3
Suppose b - 95 = -3*i + 31, 3*b + 196 = 5*i. List the prime factors of i.
41
Suppose 2*y + 3*b = 20, 0*b - 28 = -3*y - 4*b. Suppose 5*l + 2 = y*l. Let g = 4 - l. List the prime factors of g.
2, 3
Let o = 72 - 35. List the prime factors of o.
37
Suppose -2*h = b - 32, 3*b - 4*b + 30 = h. What are the prime factors of b?
2, 7
Let t be (2/(-3))/(14/63). Let k(r) = -2*r + 4. Let s be k(t). List the prime factors of 82/10 - 2/s.
2
What are the prime factors of 14 + 1 - (-4 - -1)?
2, 3
Let r(i) = -3*i - 3. Let v be r(-8). Suppose -3*g + 12 = -v. List the prime factors of g.
11
Let o(b) = b**3 + 5*b**2 + 2*b - 5. Let y be o(-4). Suppose 0 = -5*g + y*p + 44, 3*p = 2*g + 4 - 27. What are the prime factors of g?
7
Let y = 8 + -2. Suppose s = -d + 71, -2*d - 4*s - 56 = -3*d. Suppose 2*v - y*v = -d. List the prime factors of v.
17
Let p(j) = -j**3 + 3*j**2 + 4*j + 4. Let x be p(4). Let r = 1 - -1. Suppose -r*v + 5*o + 17 = -3*v, 2*o = x*v - 42. List the prime factors of v.
2
Let u = -75 - -23. What are the prime factors of (0 + -3)/(6/u)?
2, 13
Let a = 5 + -9. Let z(g) = -g**2 - 6*g - 6. List the prime factors of z(a).
2
Let f be (-24 + 2)/(2/2). Let k = 20 - f. What are the prime factors of k?
2, 3, 7
Let m be 7/(-35) + 2/10. Suppose o = -m - 4, 2*y = -5*o - 12. Suppose 0 = y*k - 27 - 17. What are the prime factors of k?
11
Let o be 6/(-10) + 174/15. Let k = o - -7. What are the prime factors of k?
2, 3
Let y = -7 + 22. Let b = y - 10. Suppose -b*f = -10 - 15. What are the prime factors of f?
5
Suppose -3*b = 5*u - u + 12, -4*u = 0. List the prime factors of 1/b + 61/4.
3, 5
Suppose -9*l + 6*l = -51. List the prime factors of l.
17
Suppose -20 = -4*d - 3*c - 2*c, -5*d - 5*c + 25 = 0. Let u = 2 + d. What are the prime factors of u?
7
Let c be ((-16)/20)/(2/(-120)). Suppose -4*p = -2*s - c, 2*s = -4*p - 3*s + 62. List the prime factors of p.
13
Suppose 5*g - 4*u = -4 - 6, -2*g - 11 = -3*u. Let t be 6/(-9)*3 - 0. Let i = g - t. What are the prime factors of i?
2
Let k(c) = -178*c**3 - 2*c**2 - 4*c - 2. What are the prime factors of k(-1)?
2, 89
Suppose -5*b = -0*b - 80. Let s be 1/(-3) - b/(-3). Suppose -27 - 43 = -s*g. What are the prime factors of g?
2, 7
Let d be (-1)/(3/6) - -4. Let s = d - -2. Suppose v + 3 = -s*y, -2*v + 0*y = y - 29. List the prime factors of v.
17
Let i be ((-3)/2)/((-6)/16). Let b be (-78)/i*(-8)/12. Suppose -8 = -q - 4*x, -4*q = x - 34 - b. List the prime factors of q.
2, 3
Let g = 29 + 8. List the prime factors of g.
37
What are the prime factors of (-1090)/(-60) - 1/6?
2, 3
Let f(d) = -d**3 + 3*d**2 - 4. Let q be f(4). Let b be ((-16)/10)/(2/q). Suppose -b = -0*v - 2*v. List the prime factors of v.
2
What are the prime factors of (826/(-35))/(2/(-5))?
59
Suppose 10*r + 49 = 309. What are the prime factors of r?
2, 13
Suppose 8 = y + 3. Suppose y*t = 2*t - 9. Let z = 9 + t. List the prime factors of z.
2, 3
Suppose -4*f + 2*r = -16, -3*f + 4*f - 4*r - 11 = 0. Let j(l) = -3*l - 6. Let v be j(-4). Let k = v + f. What are the prime factors of k?
3
Suppose 5*l - 2*l = -w - 11, -5*w = 3*l + 67. List the prime factors of w/4*60/(-21).
2, 5
Suppose 0 = 3*g - 17 + 2. Suppose 2*a + a + g*c = 143, 2*a - 74 = 2*c. List the prime factors of a.
41
Let a(p) = -7*p - 3. Suppose 0*b + 7 = -b + 2*h, 5*h = -b + 28. Let f be a(b). List the prime factors of f/(3/(-1)) - 0.
2
Suppose 5*m + 2*y - 1338 + 456 = 0, 524 = 3*m - 4*y. List the prime factors of m.
2, 11
Suppose -3*v = 2*i + 63, i - 142 = 4*i - 5*v. Let c = -23 - i. List the prime factors of c.
2
Suppose -4*d = -3 + 7. Let y be 3 - (-21 + d/1). Suppose 0 = -6*m + m + y. List the prime factors of m.
5
Let a be 8/12*(38 + -2). Suppose -4*w + d + 3*d = -a, -2*w = -4*d - 14